 323 a composite number?
True
Is 328139 a composite number?
True
Is 450377 composite?
False
Is 558485 a prime number?
False
Is 189201 a composite number?
True
Is 47602 composite?
True
Is 3299 a composite number?
False
Is 53471 a composite number?
True
Is 153299 prime?
False
Is 342093 a composite number?
True
Is 1672937 a prime number?
False
Is 28991 a composite number?
True
Is 2927 prime?
True
Is 313663 prime?
False
Is 8623 a composite number?
False
Is 2731 a prime number?
True
Is 33851 composite?
False
Is 24251 prime?
True
Is 272651 prime?
True
Is 9781 composite?
False
Is 41453 a prime number?
True
Is 141251 a prime number?
False
Is 318343 a composite number?
True
Is 113063 prime?
True
Is 18661 a composite number?
False
Is 1639 composite?
True
Is 29441 a composite number?
True
Is 419 prime?
True
Is 125681 prime?
False
Is 1366777 composite?
True
Is 9487 a prime number?
False
Is 225341 a prime number?
True
Is 2411 a composite number?
False
Is 149983 prime?
False
Is 476429 a composite number?
False
Is 47935 a prime number?
False
Is 14221 composite?
False
Is 172957 a prime number?
False
Is 192189 a composite number?
True
Is 4357347 composite?
True
Is 46582 a prime number?
False
Is 496123 a prime number?
True
Is 191 a prime number?
True
Is 259471 a composite number?
True
Is 19077 a prime number?
False
Is 4391 composite?
False
Is 14026 a prime number?
False
Is 808937 a composite number?
False
Is 2819 prime?
True
Is 38317 a prime number?
True
Is 13495 composite?
True
Is 2326 prime?
False
Is 36065 prime?
False
Is 27221 composite?
True
Is 51043 a prime number?
True
Is 4279 composite?
True
Is 304879 a prime number?
True
Is 56197 composite?
False
Is 4303 a composite number?
True
Is 50821 a prime number?
True
Is 4861 a prime number?
True
Is 22613 a composite number?
False
Is 12011 a prime number?
True
Is 136471 a composite number?
False
Is 15761 a prime number?
True
Is 3937 a composite number?
True
Is 375667 a composite number?
False
Is 11299 composite?
False
Is 12086 prime?
False
Is 3482411 a prime number?
True
Is 1371 a composite number?
True
Is 214 prime?
False
Is 24233 a composite number?
True
Is 1733321 a prime number?
True
Is 686095 composite?
True
Is 44449 a composite number?
False
Is 7179 composite?
True
Is 248389 prime?
True
Is 17971 prime?
True
Is 1777 composite?
False
Is 14479 prime?
True
Is 20239 composite?
True
Is 20191 prime?
False
Is 1724887 a prime number?
True
Is 252411 composite?
True
Is 33127 prime?
False
Is 27439 a composite number?
True
Is 6599 composite?
False
Is 122582 prime?
False
Is 2131655 a composite number?
True
Is 66687 a prime number?
False
Is 248509 a composite number?
False
Is 5963 a prime number?
False
Is 21001 composite?
False
Is 57471 a composite number?
True
Is 34721 composite?
False
Is 4147159 prime?
True
Is 17783 composite?
False
Is 11107 a prime number?
False
Is 40811 composite?
True
Is 15421 prime?
False
Is 12821 composite?
False
Is 31877 a composite number?
True
Is 10211 prime?
True
Is 764485 prime?
False
Is 7737 prime?
False
Is 512033 a composite number?
True
Is 12791 a prime number?
True
Is 648563 prime?
True
Is 10639 prime?
True
Is 797611 composite?
False
Is 16153 prime?
False
Is 118127 prime?
True
Is 1278491 composite?
True
Is 56195 a composite number?
True
Is 87194 a composite number?
True
Is 1887607 a composite number?
False
Is 3593 a composite number?
False
Is 184495 prime?
False
Is 490205 composite?
True
Is 659251 prime?
True
Is 81273 a composite number?
True
Is 27997 composite?
False
Is 1794517 a prime number?
True
Is 14765 a prime number?
False
Is 27179 composite?
False
Is 8039 prime?
True
Is 4547 a prime number?
True
Is 36571 a composite number?
False
Is 1016395 a composite number?
True
Is 149255 composite?
True
Is 4987 a prime number?
True
Is 39397 a composite number?
False
Is 1912357 composite?
False
Is 6937 a composite number?
True
Is 409561 composite?
True
Is 29769 a prime number?
False
Is 865 a composite number?
True
Is 11599 prime?
False
Is 5255 a composite number?
True
Is 19871 prime?
False
Is 138053 a prime number?
True
Is 3793 composite?
False
Is 5639 a prime number?
True
Is 291143 a composite number?
False
Is 12401 composite?
False
Is 214 a prime number?
False
Is 312251 prime?
True
Is 174367 a composite number?
False
Is 74419 composite?
False
Is 66029 a prime number?
True
Is 149197 composite?
False
Is 7789 prime?
True
Is 16487 a composite number?
False
Is 657017 a composite number?
False
Is 13751 a prime number?
True
Is 10883 composite?
False
Is 6161 composite?
True
Is 99265 a composite number?
True
Is 3377 prime?
False
Is 197419 prime?
True
Is 164813 a prime number?
False
Is 2195 composite?
True
Is 421559 a composite number?
False
Is 335309 a prime number?
False
Is 1164979 prime?
True
Is 877 composite?
False
Is 4673 a prime number?
True
Is 1129889 a prime number?
True
Is 3327 a prime number?
False
Is 329 a prime number?
False
Is 149639 prime?
False
Is 321073 a composite number?
False
Is 11843 prime?
False
Is 75869 a prime number?
True
Is 8009 a prime number?
True
Is 50497 a composite number?
False
Is 5147 a composite number?
False
Is 51713 composite?
False
Is 10111 prime?
True
Is 85151 prime?
False
Is 367351 prime?
False
Is 5581 a prime number?
True
Is 8131 prime?
False
Is 255239 a composite number?
False
Is 2669 a prime number?
False
Is 12365 a composite number?
True
Is 2149 a composite number?
True
Is 1030615 prime?
False
Is 15859 a composite number?
False
Is 101323 a composite number?
False
Is 473833 prime?
True
Is 51383 a prime number?
True
Is 102761 composite?
False
Is 116507 a composite number?
False
Is 3511819 a composite number?
False
Is 3989 prime?
True
Is 51661 prime?
False
Is 36997 a composite number?
False
Is 85679 composite?
True
Is 107599 a composite number?
False
Is 5309845 composite?
True
Is 22951 composite?
True
Is 44747 composite?
True
Is 8661 prime?
False
Is 2393 prime?
True
Is 17623 a prime number?
True
Is 13117 a prime number?
False
Is 54865 composite?
True
Is 16741 composite?
False
Is 5767 a prime number?
False
Is 181409 composite?
False
Is 42631 composite?
True
Is 275107 a prime number?
False
Is 134791 prime?
False
Is 203695 a prime number?
False
Is 38903 prime?
True
Is 809 a composite number?
False
Is 98663 a composite number?
False
Is 1308689 a composite number?
True
Is 11089 prime?
False
Is 8597 composite?
False
Is 130499 a prime number?
False
Is 60859 prime?
True
Is 1157 prime?
False
Is 153019 a composite number?
True
Is 34981 a prime number?
True
Is 21467 a composite number?
False
Is 34607 prime?
True
Is 13441 a prime number?
True
Is 9327 a composite number?
True
Is 3155 composite?
True
Is 48353 a composite number?
False
Is 11183 composite?
True
Is 745354 composite?
True
Is 220123 composite?
False
Is 1639 a prime number?
False
Is 1931 a composite number?
False
Is 297391 composite?
False
Is 30865 a prime number?
False
Is 1141 composite?
True
Is 1597 a prime number?
True
Is 72073 a composite number?
False
Is 72989 a prime number?
False
Is 65459 prime?
False
Is 9713 composite?
True
Is 26557 a composite number?
False
Is 2563 prime?
False
Is 45233 a prime number?
True
Is 19253 composite?
True
Is 7003 a prime number?
False
Is 29243 a prime number?
True
Is 3085 a prime number?
False
Is 162399 a composite number?
True
Is 2317 prime?
False
Is 4765 prime?
False
Is 16183 prime?
True
Is 32273 a prime number?
False
Is 432479 prime?
True
Is 18687 prime?
False
Is 149015 composite?
True
Is 6115 composite?
True
Is 12389 a composite number?
True
Is 3117847 a composite number?
False
Is 178403 a prime number?
True
Is 62039 composite?
False
Is 17257 a prime number?
True
Is 5603 a composite number?
True
Is 400187 a prime number?
True
Is 184897 a prime number?
False
Is 7789 composite?
False
Is 9206 a prime number?
False
Is 828407 a composite number?
False
Is 275851 composite?
True
Is 1531 composite?
False
Is 16207 composite?
True
Is 290903 a prime number?
False
Is 2971081 composite?
False
Is 1387819 a prime number?
True
Is 34603 composite?
False
Is 2561 a composite number?
True
Is 264539 composite?
True
Is 1174 composite?
True
Is 526117 composite?
False
Is 3979 composite?
True
Is 500079 a prime number?
False
Is 9451 prime?
False
Is 3478791 a composite number?
True
Is 129233 a prime 